 + 381.
-24
What is (82 - 79) + (0 - -2)?
5
What is the value of (9 - 22 - (-2 + -4)) + 13 + -12?
-6
Calculate 22 - (2 + 8) - 8.
4
1 + 2 + (2 - 9 - -6) + -1
1
Calculate -22 + 11 + 21 + (3 - (2 + -7)).
18
Calculate 99 - 93 - (14 - 0) - (7 - -6).
-21
What is the value of (1 - 1) + -381 + 386?
5
Calculate -3 + (5 - (12 - (-4 - 3) - -1)).
-18
What is the value of 73 + -73 - (1 + -7) - 2?
4
What is 15 + -6 + -1 + -12?
-4
15 + -5 - (-5 - (2 + -9))
8
-17 - (2 + 0) - (45 - (49 - -1))
-14
6 + (-13 - (2 - -3)) - -5 - -7
0
Calculate -9 + (-21 - (-7 + 0)) - (2 - -2).
-27
7 - ((10 - -3 - (-6 - 2)) + -7)
-7
(4 - 19) + -4 + -5 + 10 - -10
-4
What is 1 + (-11 - (6 - (4 - -4)))?
-8
(20 - 15) + -7 - -12
10
Calculate -8 + (0 - -9) + 29 + -73 + 40.
-3
What is 1 - -17 - (11 + (-4 - -4))?
7
(7 + -10 - -23) + (29 - 28)
21
What is (15 - 12) + (3 - 3 - -1) - 17?
-13
Calculate 6 - -1 - (47 - 34).
-6
-3 - ((-2 - -23) + -10)
-14
Calculate 0 - (-2 - 7) - (-10 + 14 - -10).
-5
Evaluate -30 + 8 + 16 + (-2 + 5 - -19).
16
What is the value of (19 + -5 - 1) + 3?
16
Calculate (-1 - (-2 - -1)) + (-5 + 23 - 16).
2
Calculate -6 - (35 + -19 + -13 + -8 + 1).
-2
Evaluate 3 - ((-7 - (-15 - -4)) + -8).
7
9 + (-4 - (-13 - -18))
0
What is the value of (15 - 5) + -9 + 18?
19
What is the value of -1 + -4 + (18 - 23) + 3?
-7
What is 1 - (-13 - (1 + -20))?
-5
-26 - -48 - (2 - (-5 + 3 - -4))
22
(9 + -5 + -14 - 4) + 4 + 2
-8
Calculate 10 - -1 - (-2 + -4 + 32).
-15
3 + 6 + -12 + -4 + 33 - 7
19
Evaluate 0 + 1 + (125 - 126).
0
Evaluate 39 + -3 + 4 + 157 + -169.
28
What is the value of -7 - (8 - 2) - (7 + 0)?
-20
Evaluate -3 - -7 - (0 + -5).
9
Calculate -21 + (15 - (10 - (1 - 1))).
-16
Evaluate (-8 - (-33 - -7)) + (-11 - -12).
19
What is -11 - (2 - 8) - 1 - (0 + -12)?
6
What is the value of 4 + -5 + -3 + 26 + -23?
-1
What is the value of (-40 - -14) + (62 - 34)?
2
Evaluate 2 + -10 + 2 + 6 - (4 - 13).
9
Calculate 4 - (19 + (9 - 28)).
4
-47 + 39 + (10 - 4)
-2
Evaluate 167 - 126 - (6 - 4).
39
Calculate (14 - 32 - -9) + -1 + -1 + -2.
-13
(-44 - -37) + 16 + -18
-9
What is the value of (-18 - ((-16 - -12) + -16)) + -39?
-37
-6 - 0 - (-17 + 10 - (25 - 3))
23
What is -443 + 452 - ((-13 + 0 - 0) + 2)?
20
Evaluate -446 + 431 + 1 + -2 + 4.
-12
What is the value of -41 + 49 + -2 + -5?
1
What is (87 - 81 - -13) + (16 - 0)?
35
-3 - -8 - (-1 + -1 - 4)
11
What is (-11 + 0 - (-5 + -4)) + -1 + 0?
-3
Evaluate (-4 - 0) + 9 - 13.
-8
What is the value of -1 + (-7 - (1 - 6)) + 6 + 7?
10
What is the value of (-2 + 1 - (-10 + 8 - -10)) + 1?
-8
Evaluate -5 - -35 - (55 + -28).
3
What is 5 + 11 + -7 + -15 + 8?
2
Evaluate -132 + 98 - (8 - 18).
-24
Evaluate 2 + 5 + -2 - (239 + -227).
-7
9 + -16 - (61 + -54)
-14
Calculate 30 + (-77 - -67) + (-2 - -23) - 9.
32
What is (3 - 1) + -5 + (-10 - -13)?
0
Calculate 2 + (4 - (4 + -2 + 4)) + 6.
6
Evaluate (-2 - 7) + (7 + -3 - (0 - -2)).
-7
What is the value of 11 - ((3 - -13) + -6) - (-4 - 24)?
29
Calculate 1 + 3 - (-9 + (28 - (21 + -9))).
-3
(0 - -2) + 11 + -19 + -8 + 11
-3
(5 + -10 - (1 - 5)) + 1 + 4
4
Evaluate (-5 - 11) + (8 - (1 - 3 - -4)).
-10
Calculate (4 - -9) + -10 + 2 + -19.
-14
-1 + -9 - (-1195 + 1194)
-9
Evaluate 3 + -14 - 11 - (-8 - (-3 - -2)).
-15
What is the value of -1 + 7 + -6 + 12 + -8?
4
-9 + -6 + 9 + -16 + 14
-8
12 + -3 + -32 + 8 - (0 - 3)
-12
What is the value of 7 - (6 + -8 - (-2 + -3))?
4
Evaluate -2 + 4 - (-545 + 568).
-21
What is the value of -7 + 7 + (0 - (1 - -14)) - -7?
-8
Evaluate -32 + 37 - (17 + 0) - 14.
-26
Evaluate 16 + -29 - -8 - (-4 + 1 + 4).
-6
Calculate -22 + 20 + (0 - -2).
0
Calculate -3 + -29 + -7 + 17 + (5 - -1).
-16
Evaluate 7 + ((-6 - 2) + 2 - -4) - 2.
3
Evaluate -15 + (4 - 17 - (0 + -66)).
38
What is the value of -5 - ((5 - (-10 - -13)) + -6)?
-1
What is (9 - (11 - 2) - (-3 + 2)) + -1?
0
What is the value of -5 + 7 + -4 + 6 + -15?
-11
Evaluate 6 + 13 + -24 - (4 - -1).
-10
What is the value of -6 - (10 + -1 + -2 + -8)?
-5
Calculate (-20 - (-13 + 6)) + (-2 - (-9 + -1)).
-5
Calculate (-168 - -170) + 0 + (-12 - (0 + 0)).
-10
-4 + 26 + -36 - (0 - 6)
-8
What is 13 - (-27 + 88 + -27)?
-21
(-10 - -12 - 16) + (4 - -5)
-5
What is -7 + 1 - (844 - 835)?
-15
Calculate -15 + (-15 - -19) - -13.
2
What is the value of (-3 - -23) + (-7 - (-13 + 14))?
12
Calculate -3 + (0 - -4 - 4 - 3) + 2.
-4
Calculate -7 + (17 - -26) - 7.
29
-3 - (-4 - -11 - (4 + -10))
-16
What is 4 - (5 - -22 - 41)?
18
What is 8 + (-8 - 8) + (1 - 0) + -13?
-20
Calculate 0 + 0 + 8 + -45 + 38 + -1.
0
What is the value of 0 + (6 - 7 - 5) + 6?
0
24 + -50 + -16 + 5
-37
-39 + (4 + 0 - (-10 - -10))
-35
19 + -12 + 3 + (-7 - -2)
5
Evaluate (-21 - (-2 - 11)) + -2 + -2.
-12
-1 - -1 - (3 + 7)
-10
What is -22 + (12 - (-1 + 10)) + -1?
-20
4 + (36 - 21) + -48
-29
What is 17 + -16 + -6 - 2?
-7
(7 - 13) + -1 - (-10 - -13)
-10
What is 0 + (-35 - -25) + (2 - (-27 + -2))?
21
What is -19 - (5 + -6 - 4)?
-14
Evaluate -8 - -3 - (-17 - (8 - 13)).
7
Evaluate 4 + 5 + -20 + -17 + 10.
-18
Evaluate (16 - 11) + 2 + (-15 - 0).
-8
Evaluate (-6 - (1 + -5 - (-25 - -25))) + 3.
1
0 + 11 + (-62 + 90 - 20)
19
Evaluate (291 - 302) + (18 - -1).
8
What is -9 + (6 - -3 - (1 - -2))?
-3
What is -25 - -1 - (-47 - -36)?
-13
Calculate (7 + (-18 - (-6 + 2)) - -6) + -7.
-8
What is the value of -4 + 6 - -4 - (2 + 9)?
-5
-6 + 19 + 2 + -18 - (-1 + -7)
5
Evaluate -6 + 5 - (-11 - (-1 - 5) - 6).
10
What is the value of (-2 + 1 - -19) + (-43 - -35) - -6?
16
-5 + 17 - (-5 - (3 - 4))
16
(-116 - -135) + (-1 - -2)
20
Evaluate -13 + 11 + 2 + -11 + 3.
-8
Calculate 4 + 13 - ((-4 - 0) + -1 + 6).
16
What is 4 + (4 - (2 + (-3 - -5))) - 6?
-2
-9 + (-4 - -76) + -29
34
Calculate 21 - (-13 + -32 + 38).
28
Calculate (5 - 3 - 11) + 11 - (2 + 0).
0
What is the value of 11 + 0 + (7 - 22) + 10?
6
What is (-112 - -77) + (8 - (-4 - -4))?
-27
What is the value of 1 - (6 + 1 - 12)?
6
What is (49 - 59) + (2 + 10 - 3)?
-1
What is the value of (-15 - -11) + -2 - (2 + 10)?
-18
-74 + 36 - -21 - 7
-24
Evaluate 2 - -2 - (18 + -8 - -3).
-9
Calculate -9 + 15 + -9 + -8.
-11
What is the value of (6 + (-3 - 4) - -6 - 2) + -19?
-16
Evaluate 25 + (-11 - (28 - 15)).
1
What is the value of -5 - ((11 - 10) + (0 - 5))?
-1
Calculate 1 - (8 - (2 + 4 + 6 + 1)).
6
Calculate (25 + -18 - 19) + (-1 - 17).
-30
-6 - (-6 - -20) - (-26 - -17)
-11
What is the value of -9 + (-29 + 16 - -12) + -10?
-20
What is the value of -2 - -4 - (14 - 3) - -18?
9
Evaluate 11 + (88 + -98 - (24 - 0)).
-23
Calculate 0 + 7 - (-278 + 282).
3
-15 - (3 - 9) - (1 + -2)
-8
Evaluate -9 + -2 + (30 - -5 - -4).
28
27 + 0 + (381 - 402) + (-2 - -13)
17
What is (-5 - -3) + 27 + (-18 - (14 + -22))?
15
Evaluate (-4 - -5 - 7) + (11 - 11).
-6
Calculate (31 + -2 - 21) + (0 - -1) - -6.
15
Evaluate -7 + 0 + 6 + 1 + -2.
-2
What is 0 - 4 - (-87 + 75)?
8
Evaluate 12 + -4 - (-4 + 3 + 4) - -8.
13
Calculate (22 - 14) + (7 - (5 + 21)).
-11
What is (-7 - -10) + 3 - -3?
9
Evaluate (-1454 - -1449) + -4 + -2 + -1.
-12
Evaluate 27 - (36 - (37 - 22)).
6
Evaluate (-14 - (-3 - -9)) + 3 + 0.
-17
-10 + (10 - 6) + -4
-10
What is the value of (3 - (7 - 4)) + -21 + -1 + 16?
-6
What is the value of (-55 - -32) + -12 + 60?
25
Evaluate -4 - (-21 + (45 - -10) - (2 - -7)).
-29
What is 3 + (-21 - (-16 - 6))?
4
Calculate (8 - 8) + 3 + -12 - (-4 - 8).
3
-44 + 44 + (-10 - 0) + (-6 - -4)
-12
What is (9 + -7 + -5 - (7 - -1)) + -11?
-22
What is 0 + -2 - ((-3 - (10 - 18)) + -11)?
4
3 - (-5 + (-13 - -19))
2
Calculate 15 + (18 - (34 - -17)).
-18
-9 + 11 - (14 - (-4 - -24))
8
Evaluate -24 + 22 + 8 + 6.
12
What is the value of (0 - -5 - (-2 + 1)) + (1618 - 1636)?
-12
What is the value of -22 + (-16 + 18 - (-6 + 10 + -4))?
-20
Calculate -10 - (11 - 18) - -30.
27
Evaluate -19 - (-19 - 34 - -29).
5
What is the value of (46 - 17) + -21 - (-2 - 8 - 1)?
19
5 - (7 + -3 + 4 + 3 - 3)
-3
Calculate (-4 - 0) + 4 + 0 - 15.
-15
Evaluate 0 + -14 + 11 + (7 - 16).
-12
What is the value of -20 + (-56 - -52) + 14 + 0 + 26?
16
-1161 - -1196 - (22 - 1)
14
What is (-11 - -23) + (5 - -5 - -3)?
25
-6 + -3 + 10 - (31 + (-5 - -3))
-28
What is -2 + -1 - (-109 + 109)?
-3
Calculate -14 + -2 + 11 - 11 - (-1 - -10).
-25
What is (-3 - -4) + (-6 - 14) - (-7 + 1)?
-13
-7 + -7 + (-11 + 14 - 0)
-11
What is the value of 6 + 2 - (-8 + (6 - 0) + 6)?
4
What is the value of 33 - ((-18 - -40) + -18 - (0 + -1))?
28